201653?
3, 31, 59, 73
What are the prime factors of 23333660?
2, 5, 7, 166669
List the prime factors of 987682.
2, 29, 17029
What are the prime factors of 2930324?
2, 17, 43093
What are the prime factors of 315233?
43, 7331
List the prime factors of 5870383.
29, 37, 5471
List the prime factors of 817718.
2, 11, 31, 109
What are the prime factors of 413466?
2, 3, 137, 503
What are the prime factors of 156640?
2, 5, 11, 89
What are the prime factors of 289708?
2, 23, 47, 67
List the prime factors of 9739487.
17, 31, 18481
List the prime factors of 3994731.
3, 13, 19, 599
What are the prime factors of 3365571?
3, 11, 101987
List the prime factors of 247110.
2, 3, 5, 8237
What are the prime factors of 1082743?
1082743
What are the prime factors of 718354?
2, 7, 13, 3947
What are the prime factors of 8352618?
2, 3, 1392103
What are the prime factors of 409845?
3, 5, 89, 307
List the prime factors of 4666810.
2, 5, 37, 12613
What are the prime factors of 32099?
32099
What are the prime factors of 305256?
2, 3, 7, 23, 79
What are the prime factors of 236825?
5, 9473
What are the prime factors of 514259?
31, 53, 313
List the prime factors of 486917.
31, 113, 139
What are the prime factors of 19583948?
2, 23, 212869
What are the prime factors of 396021?
3, 101, 1307
List the prime factors of 24183.
3, 2687
List the prime factors of 37180.
2, 5, 11, 13
List the prime factors of 4284516.
2, 3, 67, 73
What are the prime factors of 3869833?
11, 351803
What are the prime factors of 745311?
3, 7, 35491
List the prime factors of 721708.
2, 13, 13879
List the prime factors of 7321673.
31, 257, 919
List the prime factors of 1796821.
13, 89, 1553
List the prime factors of 9493686.
2, 3, 58603
What are the prime factors of 6437475?
3, 5, 11, 17
List the prime factors of 6795060.
2, 3, 5, 109, 1039
List the prime factors of 2062999.
2062999
List the prime factors of 526096.
2, 131, 251
What are the prime factors of 1522267?
457, 3331
List the prime factors of 11031603.
3, 11, 353, 947
What are the prime factors of 340850?
2, 5, 17, 401
What are the prime factors of 5811200?
2, 5, 227
List the prime factors of 25083326.
2, 67, 187189
What are the prime factors of 1537426?
2, 11, 6353
List the prime factors of 3150164.
2, 787541
List the prime factors of 1427726.
2, 713863
List the prime factors of 217146.
2, 3, 36191
What are the prime factors of 1758051?
3, 19, 23, 149
What are the prime factors of 31566?
2, 3, 5261
List the prime factors of 31100.
2, 5, 311
What are the prime factors of 8298489?
3, 2766163
What are the prime factors of 13680895?
5, 29, 94351
What are the prime factors of 628970?
2, 5, 62897
What are the prime factors of 1768093?
47, 37619
What are the prime factors of 625381?
431, 1451
What are the prime factors of 4018674?
2, 3, 11, 60889
List the prime factors of 151101.
3, 103, 163
List the prime factors of 861033.
3, 17, 16883
What are the prime factors of 681402?
2, 3, 113567
What are the prime factors of 286260?
2, 3, 5, 13, 367
List the prime factors of 251563.
13, 37, 523
What are the prime factors of 3786712?
2, 31, 15269
What are the prime factors of 34677?
3, 3853
List the prime factors of 8916451.
8916451
What are the prime factors of 5154084?
2, 3, 13, 3671
List the prime factors of 4932834.
2, 3, 822139
What are the prime factors of 203278?
2, 37, 41, 67
What are the prime factors of 89917?
89917
List the prime factors of 8954341.
11, 814031
What are the prime factors of 414487?
414487
What are the prime factors of 5801562?
2, 3, 13, 24793
List the prime factors of 2187607.
199, 10993
What are the prime factors of 293935?
5, 58787
List the prime factors of 28611076.
2, 13, 550213
What are the prime factors of 1097542?
2, 548771
What are the prime factors of 23651535?
3, 5, 1576769
List the prime factors of 5357618.
2, 7, 17, 22511
List the prime factors of 2784356.
2, 211, 3299
List the prime factors of 188877.
3, 13, 29, 167
What are the prime factors of 1594118?
2, 347, 2297
What are the prime factors of 7158808?
2, 211, 4241
List the prime factors of 9534.
2, 3, 7, 227
List the prime factors of 294212.
2, 73553
List the prime factors of 897725.
5, 149, 241
What are the prime factors of 14607122?
2, 7303561
What are the prime factors of 9431804?
2, 17, 41, 199
What are the prime factors of 144104?
2, 18013
What are the prime factors of 4832884?
2, 7, 172603
List the prime factors of 2403020.
2, 5, 53, 2267
What are the prime factors of 100788?
2, 3, 37, 227
List the prime factors of 380499.
3, 7, 18119
List the prime factors of 93269.
11, 61, 139
List the prime factors of 10217185.
5, 11, 185767
List the prime factors of 2916306.
2, 3, 162017
What are the prime factors of 33987409?
19, 89, 101, 199
What are the prime factors of 1207325?
5, 7, 6899
List the prime factors of 1019249.
7, 11, 31, 61
List the prime factors of 568325.
5, 127, 179
List the prime factors of 3436800.
2, 3, 5, 179
List the prime factors of 4636786.
2, 7, 11, 30109
List the prime factors of 69593.
69593
List the prime factors of 30475591.
4567, 6673
What are the prime factors of 16238322?
2, 3, 23, 61, 643
List the prime factors of 9528857.
13, 17, 43117
What are the prime factors of 4895846?
2, 2447923
What are the prime factors of 462450?
2, 3, 5, 3083
List the prime factors of 107242.
2, 29, 43
List the prime factors of 271414.
2, 11, 13, 73
List the prime factors of 9893935.
5, 127, 15581
What are the prime factors of 149828?
2, 7, 5351
List the prime factors of 2170689.
3, 723563
List the prime factors of 1743898.
2, 13, 67073
What are the prime factors of 546698?
2, 273349
List the prime factors of 1791139.
7, 255877
List the prime factors of 18925170.
2, 3, 5, 11, 57349
What are the prime factors of 135467?
135467
What are the prime factors of 16280734?
2, 23, 353929
List the prime factors of 1154963.
17, 67939
What are the prime factors of 103756?
2, 25939
What are the prime factors of 3409680?
2, 3, 5, 14207
What are the prime factors of 610363?
13, 29, 1619
What are the prime factors of 38547?
3, 4283
What are the prime factors of 68802?
2, 3, 11467
What are the prime factors of 3806494?
2, 1903247
What are the prime factors of 3237691?
641, 5051
List the prime factors of 459052.
2, 11, 10433
What are the prime factors of 1346034?
2, 3, 263, 853
What are the prime factors of 22207964?
2, 157, 35363
What are the prime factors of 356820?
2, 3, 5, 19, 313
List the prime factors of 391881.
3, 7, 18661
What are the prime factors of 771827?
7, 110261
List the prime factors of 89577.
3, 37, 269
What are the prime factors of 4531663?
4531663
What are the prime factors of 1876044?
2, 3, 127, 1231
List the prime factors of 572376.
2, 3, 7, 3407
List the prime factors of 509358.
2, 3, 23, 3691
List the prime factors of 90680.
2, 5, 2267
What are the prime factors of 1491496?
2, 186437
List the prime factors of 154746.
2, 3, 8597
List the prime factors of 14090516.
2, 11, 320239
What are the prime factors of 1052971?
1052971
List the prime factors of 29392262.
2, 811, 18121
List the prime factors of 595430.
2, 5, 11, 5413
List the prime factors of 25899749.
1123, 23063
List the prime factors of 437285.
5, 19, 4603
What are the prime factors of 1853629?
17, 109037
What are the prime factors of 10573048?
2, 17, 77743
List the prime factors of 534521.
13, 41117
List the prime factors of 21608343.
3, 17, 179, 263
List the prime factors of 3500914.
2, 163, 10739
List the prime factors of 62410.
2, 5, 79
What are the prime factors of 55162?
2, 27581
List the prime factors of 277153.
19, 29, 503
List the prime factors of 9810.
2, 3, 5, 109
List the prime factors of 2107294.
2, 7, 21503
What are the prime factors of 51579?
3, 11, 521
What are the prime factors of 1110506?
2, 555253
List the prime factors of 7815694.
2, 3907847
List the prime factors of 202237.
7, 167, 173
List the prime factors of 1220286.
2, 3, 203381
List the prime factors of 3237018.
2, 3, 539503
List the prime factors of 8328801.
3, 13, 31, 83
What are the prime factors of 116776?
2, 11, 1327
What are the prime factors of 651545?
5, 311, 419
What are the prime factors of 500815?
5, 7, 41, 349
List the prime factors of 24465428.
2, 13, 470489
List the prime factors of 3877720.
2, 5, 7, 11, 125